{"id":852,"date":"2018-08-29T17:11:48","date_gmt":"2018-08-29T20:11:48","guid":{"rendered":"https:\/\/isfd14-bue.infd.edu.ar\/sitio\/historia\/"},"modified":"2024-11-13T20:50:21","modified_gmt":"2024-11-13T23:50:21","slug":"historia","status":"publish","type":"page","link":"https:\/\/isfd14-bue.infd.edu.ar\/sitio\/historia\/","title":{"rendered":"Historia"},"content":{"rendered":"<p>Nuestro Instituto, con m\u00e1s de 55 a\u00f1os de trayectoria, es sin\u00f3nimo de formaci\u00f3n docente en la regi\u00f3n.<\/p>\n<p>Educadores que hoy imparten sus saberes en distintas localidades de la provincia y de provincias vecinas, caminaron alguna vez los pasillos de \u00e9sta instituci\u00f3n como estudiantes, y en ese intercambio l\u00f3gico que se da al compartir a\u00f1os de estudio y sacrificios, se llevaron un t\u00edtulo, pero dejaron an\u00e9cdotas, recuerdos, vivencias que nunca se olvidan.<\/p>\n<p>Estamos seguros de que \u00e9ste medio servir\u00e1 para volver a reencontrarnos con muchos de ellos, y como ocurri\u00f3 en la fiesta de los 40 a\u00f1os, se escuchar\u00e1 (o se leer\u00e1) otra vez la frase \u00bfte acord\u00e1s\u2026?<\/p>\n<p>Y para\u00a0aquellos que hoy est\u00e1n transitando el camino de estudiantes o que tienen intenci\u00f3n de hacerlo, que \u00e9ste medio sea el v\u00ednculo entre ellos\u00a0y nuestro Instituto, donde puedan aclarar dudas y encontrar respuestas.<\/p>\n<p><strong>Un poco de historia<\/strong><\/p>\n<p>Nuestra Instituci\u00f3n fue creada por la resoluci\u00f3n 01304 del 23 de noviembre de 1965 con el nombre de Instituto de Perfeccionamiento Docente (hoy, Instituto Superior de Formaci\u00f3n Docente y T\u00e9cnica N\u00b0 14), iniciando sus actividades el el a\u00f1o siguiente. El ministro de Educci\u00f3n provincial era el doctor Rene Perez.<\/p>\n<p>El d\u00eda 17 de diciembre del a\u00f1o 1987, se firma en La Plata, el boleto de compra-venta del edificio ubicado en calle Avellaneda 267, sede principal del Instituto. En representaci\u00f3n de la Instituci\u00f3n, lo hace el Dr. Luis Armando Miravalle, Director General de Escuela y Cultura. (hoy Direcci\u00f3n General de Cultura y Educaci\u00f3n)<\/p>\n<p align=\"justify\">\n<p style=\"text-align: center;\"><strong>\u00a0<\/strong><\/p>\n<p align=\"justify\"><strong>\u00a0<\/strong><\/p>\n","protected":false},"excerpt":{"rendered":"<p>Nuestro Instituto, con m\u00e1s de 55 a\u00f1os de trayectoria, es sin\u00f3nimo de formaci\u00f3n docente en la regi\u00f3n. Educadores que hoy imparten sus saberes en distintas localidades de la provincia y de provincias vecinas, caminaron alguna vez los pasillos de \u00e9sta instituci\u00f3n como estudiantes, y en ese intercambio l\u00f3gico que se da al compartir a\u00f1os de &#8230; <a title=\"Historia\" class=\"read-more\" href=\"https:\/\/isfd14-bue.infd.edu.ar\/sitio\/historia\/\" aria-label=\"More on Historia\">[+]<\/a><\/p>\n","protected":false},"author":1019,"featured_media":0,"parent":0,"menu_order":0,"comment_status":"closed","ping_status":"closed","template":"","meta":[],"acf":[],"_links":{"self":[{"href":"https:\/\/isfd14-bue.infd.edu.ar\/sitio\/wp-json\/wp\/v2\/pages\/852"}],"collection":[{"href":"https:\/\/isfd14-bue.infd.edu.ar\/sitio\/wp-json\/wp\/v2\/pages"}],"about":[{"href":"https:\/\/isfd14-bue.infd.edu.ar\/sitio\/wp-json\/wp\/v2\/types\/page"}],"author":[{"embeddable":true,"href":"https:\/\/isfd14-bue.infd.edu.ar\/sitio\/wp-json\/wp\/v2\/users\/1019"}],"replies":[{"embeddable":true,"href":"https:\/\/isfd14-bue.infd.edu.ar\/sitio\/wp-json\/wp\/v2\/comments?post=852"}],"version-history":[{"count":5,"href":"https:\/\/isfd14-bue.infd.edu.ar\/sitio\/wp-json\/wp\/v2\/pages\/852\/revisions"}],"predecessor-version":[{"id":4168,"href":"https:\/\/isfd14-bue.infd.edu.ar\/sitio\/wp-json\/wp\/v2\/pages\/852\/revisions\/4168"}],"wp:attachment":[{"href":"https:\/\/isfd14-bue.infd.edu.ar\/sitio\/wp-json\/wp\/v2\/media?parent=852"}],"curies":[{"name":"wp","href":"https:\/\/api.w.org\/{rel}","templated":true}]}}