{"id":3212,"date":"2023-07-04T09:34:57","date_gmt":"2023-07-04T12:34:57","guid":{"rendered":"https:\/\/isfd14-bue.infd.edu.ar\/sitio\/?page_id=3212"},"modified":"2023-07-04T11:45:46","modified_gmt":"2023-07-04T14:45:46","slug":"esi","status":"publish","type":"page","link":"https:\/\/isfd14-bue.infd.edu.ar\/sitio\/esi\/","title":{"rendered":"ESI"},"content":{"rendered":"\n<p><a href=\"https:\/\/isfd14-bue.infd.edu.ar\/sitio\/wp-content\/uploads\/2023\/07\/CFE_N_419_22-3.pdf\">CFE N\u00b0 419\/22<\/a><\/p>\n\n\n\n<p><a href=\"https:\/\/isfd14-bue.infd.edu.ar\/sitio\/wp-content\/uploads\/2023\/07\/Comunicaci_n_Conjunta_N_1_12__Gu_a_de_orientaci_n_para_la_intervenci_n_en_situaciones_conflictivas_en_el_escenario_escolar-1.pdf\">COMUNICACI\u00d3N CONJUNTA 1\/12<\/a><\/p>\n\n\n\n<p><img decoding=\"async\" class=\"wp-image-3217\" style=\"width: NaNpx;\" src=\"https:\/\/isfd14-bue.infd.edu.ar\/sitio\/wp-content\/uploads\/2023\/07\/Comunicaci_n_Conjunta_N_1_12__Gu_a_de_orientaci_n_para_la_intervenci_n_en_situaciones_conflictivas_en_el_escenario_escolar.pdf\" alt=\"\"><a href=\"https:\/\/isfd14-bue.infd.edu.ar\/sitio\/wp-content\/uploads\/2023\/07\/Comunicaci_n_Conjunta_N_1_16__Semana_de_la_ESI.pdf\">COMUNICACI\u00d3N CONJUNTA 1\/16<\/a><\/p>\n\n\n\n<p><a href=\"https:\/\/isfd14-bue.infd.edu.ar\/sitio\/wp-content\/uploads\/2023\/07\/Comunicaci_n_N_6_2015__Gu_a_para_el_abordaje_para_la_diversidad_sexual_y_de_g_nero.pdf\">COMUNICACI\u00d3N N\u00b0 6\/15<\/a><\/p>\n\n\n\n<p><a href=\"https:\/\/isfd14-bue.infd.edu.ar\/sitio\/wp-content\/uploads\/2023\/07\/Ley-27499-Ley-Micaela.pdf\">LEY 27499 LEY MICAELA<\/a><\/p>\n\n\n\n<p><a href=\"https:\/\/isfd14-bue.infd.edu.ar\/sitio\/wp-content\/uploads\/2023\/07\/Ley-N-27-610-Acceso-a-la-Interrupcion-voluntaria-de-embarazo-2021.pdf\">LEY 27610 ACCESO A LA INTERRUPCI\u00d3N VOLUNTARIA DEL EMBARAZO<\/a><\/p>\n\n\n\n<p><a href=\"https:\/\/isfd14-bue.infd.edu.ar\/sitio\/wp-content\/uploads\/2023\/07\/Ley-N-13298-De-la-Promocin-y-Proteccion-integral-de-los-derechos-2005.pdf\">LEY 13298 DE LA PROMOCI\u00d3N Y PROTECCI\u00d3N DE LOS DERECHOS DE LOS NI\u00d1OS<\/a><\/p>\n\n\n\n<p><a href=\"https:\/\/isfd14-bue.infd.edu.ar\/sitio\/wp-content\/uploads\/2023\/07\/Ley-N-14750-de-Promocion-de-la-convivencia-y-el-abordaje-de-la-conflictividad-social-en-las-instituciones-educativas-2015.pdf\">LEY 14750 PROMOCI\u00d3N DE LA CONVIVENCIA Y EL ABORDAJE DE LA CONFLFICTIVIDAD SOCIAL EN LAS INSTITUCIONES EDUCATIVAS<\/a><\/p>\n\n\n\n<p><a href=\"https:\/\/isfd14-bue.infd.edu.ar\/sitio\/wp-content\/uploads\/2023\/07\/Ley-N-26485-Proteccin-integral-para-prevenir-sancionar-y-erradicar-la-violencia-contra-las-mujeres-en-los-ambitos-en-que-desarrollen-sus-relaciones-interpersonales-2009.pdf\">LEY 26485 PROTECCI\u00d3N INTEGRAL PARA PREVENIR, SANCIONAR Y ERRADICAR LA VIOLENCIA CONTRA LAS MUJERES<\/a><\/p>\n\n\n\n<p><a href=\"https:\/\/isfd14-bue.infd.edu.ar\/sitio\/wp-content\/uploads\/2023\/07\/Ley-N-26618-de-Matrimonio-Igualitario-2010.pdf\">LEY 26618 MATRIMONIO IGUALITARIO<\/a><\/p>\n\n\n\n<p><a href=\"https:\/\/isfd14-bue.infd.edu.ar\/sitio\/wp-content\/uploads\/2023\/07\/Ley-N-26743-de-Identidad-de-genero-2012.pdf\">LEY 26743 IDENTIDAD DE G\u00c9NERO<\/a><\/p>\n\n\n\n<p><a href=\"https:\/\/isfd14-bue.infd.edu.ar\/sitio\/wp-content\/uploads\/2023\/07\/Ley-N-26904-Incorporacion-al-Codigo-Penal-de-la-figura-de-grooming-como-delito-contra-la-integridad-sexual-2013_.pdf\">LEY 26904 INCORPORACI\u00d3N AL C\u00d3DIGO PENAL LA FIGURA DE GROOMING<\/a><\/p>\n\n\n\n<p><a href=\"https:\/\/isfd14-bue.infd.edu.ar\/sitio\/wp-content\/uploads\/2023\/07\/Ley-N-27234-Educar-en-Igualdad-Prevencion-y-Erradicacion-de-la-Violencia-de-Genero-2015.pdf\">LEY 27234 EDUCAR EN IGUALDAD PREVENCI\u00d3N Y ERRADICACI\u00d3N DE LA VIOLENCIA DE G\u00c9NERO<\/a><\/p>\n\n\n\n<p><a href=\"https:\/\/isfd14-bue.infd.edu.ar\/sitio\/wp-content\/uploads\/2023\/07\/Ley-N-27521-De-Talle-2019.pdf\">LEY 27521 DE TALLE<\/a><\/p>\n\n\n\n<p><a href=\"https:\/\/isfd14-bue.infd.edu.ar\/sitio\/wp-content\/uploads\/2023\/07\/Ley-Nacional-N-26061-de-Proteccion-Integral-de-los-Derechos-de-Ninos-Ninas-y-Adolescentes-2005.pdf\">LEY 26061 PROTECCI\u00d3N INTEGRAL DE LOS DERECHOS DE NI\u00d1OS, NI\u00d1AS Y ADOLESCENTES <\/a><\/p>\n\n\n\n<p><a href=\"https:\/\/isfd14-bue.infd.edu.ar\/sitio\/wp-content\/uploads\/2023\/07\/Ley_14744.pdf\">LEY 14744 DE ESI<\/a><\/p>\n\n\n\n<p><a href=\"https:\/\/isfd14-bue.infd.edu.ar\/sitio\/wp-content\/uploads\/2023\/07\/LEYPROVINCIAL14744.pdf\">LEY 14744 DE ESI CONTENIDOS EN LENGUAJE CLARO<\/a><\/p>\n\n\n\n<p><a href=\"https:\/\/isfd14-bue.infd.edu.ar\/sitio\/wp-content\/uploads\/2023\/07\/Ley_15246.pdf\">LEY 15246 \u00abDIA DE LA PREVENCI\u00d3N DE LA VIOLENCIA EN EL NOVIAZGO\u00bb<\/a><\/p>\n\n\n\n<p><a href=\"https:\/\/isfd14-bue.infd.edu.ar\/sitio\/wp-content\/uploads\/2023\/07\/Ley_26150.pdf\">LEY 26150 PROGRAMA NACIONAL DE EDUCACI\u00d3N SEXUAL INTEGRAL<\/a><\/p>\n\n\n\n<p><a href=\"https:\/\/isfd14-bue.infd.edu.ar\/sitio\/wp-content\/uploads\/2023\/07\/SALUD_PUBLICA.pdf\">LEY 25673 SALUD P\u00daBLICA<\/a><\/p>\n\n\n\n<p><a href=\"https:\/\/isfd14-bue.infd.edu.ar\/sitio\/wp-content\/uploads\/2023\/07\/Ley_Micaela_provincial_15134-1.pdf\">LEY 15134 LEY MICAELA PROVINCIAL<\/a><\/p>\n\n\n\n<p><a href=\"https:\/\/isfd14-bue.infd.edu.ar\/sitio\/wp-content\/uploads\/2023\/07\/Ley_N_27_675.pdf\">LEY 27675 LEY NACIONAL DE RESPUESTA INTEGRAL AL VIH, HEPATITIS VIRALES, OTRAS INFECCIONES<br>DE TRANSMISI\u00d3N SEXUAL \u2013ITS\u2013 Y TUBERCULOSIS \u2013TBC\u2013<\/a><\/p>\n\n\n\n<p><a href=\"https:\/\/isfd14-bue.infd.edu.ar\/sitio\/wp-content\/uploads\/2023\/07\/lineamientos_0.pdf\">LEY 26150 LINEAMIENTOS CURRICULARES PARA LA ESI<\/a><\/p>\n\n\n\n<p><a href=\"https:\/\/isfd14-bue.infd.edu.ar\/sitio\/wp-content\/uploads\/2023\/07\/Res_45_08_doc.pdf\">RES CFE 45\/08<\/a><\/p>\n\n\n\n<p><a href=\"https:\/\/isfd14-bue.infd.edu.ar\/sitio\/wp-content\/uploads\/2023\/07\/Resoluci_n_340_CFE.pdf\">RES CFE 340\/18<\/a><\/p>\n\n\n\n<p><br><\/p>\n","protected":false},"excerpt":{"rendered":"<p>CFE N\u00b0 419\/22 COMUNICACI\u00d3N CONJUNTA 1\/12 COMUNICACI\u00d3N CONJUNTA 1\/16 COMUNICACI\u00d3N N\u00b0 6\/15 LEY 27499 LEY MICAELA LEY 27610 ACCESO A LA INTERRUPCI\u00d3N VOLUNTARIA DEL EMBARAZO LEY 13298 DE LA PROMOCI\u00d3N Y PROTECCI\u00d3N DE LOS DERECHOS DE LOS NI\u00d1OS LEY 14750 PROMOCI\u00d3N DE LA CONVIVENCIA Y EL ABORDAJE DE LA CONFLFICTIVIDAD SOCIAL EN LAS INSTITUCIONES EDUCATIVAS &#8230; <a title=\"ESI\" class=\"read-more\" href=\"https:\/\/isfd14-bue.infd.edu.ar\/sitio\/esi\/\" aria-label=\"More on ESI\">[+]<\/a><\/p>\n","protected":false},"author":1019,"featured_media":0,"parent":0,"menu_order":0,"comment_status":"closed","ping_status":"closed","template":"","meta":[],"acf":[],"_links":{"self":[{"href":"https:\/\/isfd14-bue.infd.edu.ar\/sitio\/wp-json\/wp\/v2\/pages\/3212"}],"collection":[{"href":"https:\/\/isfd14-bue.infd.edu.ar\/sitio\/wp-json\/wp\/v2\/pages"}],"about":[{"href":"https:\/\/isfd14-bue.infd.edu.ar\/sitio\/wp-json\/wp\/v2\/types\/page"}],"author":[{"embeddable":true,"href":"https:\/\/isfd14-bue.infd.edu.ar\/sitio\/wp-json\/wp\/v2\/users\/1019"}],"replies":[{"embeddable":true,"href":"https:\/\/isfd14-bue.infd.edu.ar\/sitio\/wp-json\/wp\/v2\/comments?post=3212"}],"version-history":[{"count":23,"href":"https:\/\/isfd14-bue.infd.edu.ar\/sitio\/wp-json\/wp\/v2\/pages\/3212\/revisions"}],"predecessor-version":[{"id":3280,"href":"https:\/\/isfd14-bue.infd.edu.ar\/sitio\/wp-json\/wp\/v2\/pages\/3212\/revisions\/3280"}],"wp:attachment":[{"href":"https:\/\/isfd14-bue.infd.edu.ar\/sitio\/wp-json\/wp\/v2\/media?parent=3212"}],"curies":[{"name":"wp","href":"https:\/\/api.w.org\/{rel}","templated":true}]}}