{"id":318,"date":"2016-10-31T14:20:44","date_gmt":"2016-10-31T17:20:44","guid":{"rendered":"https:\/\/isfd14-bue.infd.edu.ar\/sitio\/?page_id=318"},"modified":"2026-04-09T10:45:41","modified_gmt":"2026-04-09T13:45:41","slug":"contacto","status":"publish","type":"page","link":"https:\/\/isfd14-bue.infd.edu.ar\/sitio\/contacto\/","title":{"rendered":"Contactos"},"content":{"rendered":"<h2><strong>CORREOS:<\/strong><\/h2>\n<p><strong>Correo Institucional:\u00a0\u00a0 \u00a0<a href=\"mailto:Isfd14.lincoln@gmail.com\">isfdyt14lincoln@abc.gob.ar<\/a><\/strong><\/p>\n<p><strong>Carreras<\/strong><\/p>\n<ul>\n<li><strong>Profesorado en Educaci\u00f3n Especial:\u00a0<u><a href=\"mailto:isfd14especial@gmail.com\">isfd14especial@gmail.com<\/a><\/u><\/strong><\/li>\n<li><strong>Profesorado en Educaci\u00f3n Inicial:\u00a0<u><a href=\"mailto:isfd14inicial@gmail.com\">isfd14inicial@gmail.com<\/a><\/u><\/strong><\/li>\n<li><strong>Profesorado en Educaci\u00f3n Primaria: <u><a href=\"mailto:isfd14primaria@gmail.com\">isfd14primaria@gmail.com<\/a><\/u><\/strong><\/li>\n<li><strong>Tecnicatura Superior en Psicopedagog\u00eda: <u><a href=\"mailto:isfd14psicopedagogia@gmail.com\">isfd14psicopedagogia@gmail.com<\/a><\/u><\/strong><\/li>\n<li><strong>Tecnicatura Superior en Trabajo Social: <u><a href=\"mailto:isfd14trabajosocial@gmail.com\">isfd14trabajosocial@gmail.com<\/a><\/u><\/strong><\/li>\n<li><strong>Tecnicatura Superior en Bibliotecolog\u00eda: <u><a href=\"mailto:isfd14bibliotecologia@gmail.com\">isfd14bibliotecologia@gmail.com<\/a><\/u><\/strong><\/li>\n<li><strong>Tecnicatura Superior en Comunicaci\u00f3n Multimedial: <u><a href=\"mailto:isfdyt14comunicacion@gmail.com\">isfdyt14comunicacion@gmail.com<\/a><\/u><\/strong><\/li>\n<li><strong>Tecnicatura Superior en Administraci\u00f3n de Pymes: <\/strong><a style=\"font-size: revert;\" href=\"mailto:Isfdyt14pymes@gmail.com\">Isfdyt14pymes@gmail.com<\/a><\/li>\n<li><strong><strong>Tecnicatura Superior en Turismo: <\/strong><\/strong><a style=\"font-size: revert;\" href=\"mailto:Isfdyt14turismo@gmail.com\">Isfdyt14turismo@gmail.com<\/a><\/li>\n<li><strong><strong>Tecnicatura Superior en Practicas Deportivas: <\/strong><\/strong><a style=\"font-size: revert;\" href=\"mailto:Isfdyt14practicasdeportivas@gmail.com\">Isfdyt14practicasdeportivas@gmail.com<\/a><\/li>\n<li><strong><strong>Tecnicatura Superior en Higiene y Seguridad en el Trabajo: <\/strong><\/strong><a style=\"font-size: revert;\" href=\"mailto:Isfdyt14higieneyseguridad@gmail.com\">Isfdyt14higieneyseguridad@gmail.com<\/a><\/li>\n<\/ul>\n<p><strong>Biblioteca: <u><a href=\"mailto:isfd14biblioteca@gmail.com\">isfd14biblioteca@gmail.com<\/a><\/u><\/strong><\/p>\n<p><strong>Cooperadora: <a href=\"isfd14cooperadora@gmail.com\">isfd14cooperadora@gmail.com<\/a><\/strong><\/p>\n<p><strong>Redes Sociales<\/strong><\/p>\n<ul>\n<li><strong>FACEBOOK:\u00a0 \u00a0 \u00a0<a href=\"https:\/\/www.facebook.com\/isfd14\">isfd14<\/a><\/strong><\/li>\n<li><strong>INSTAGRAM:\u00a0#isfdn14<\/strong><\/li>\n<li><strong>YOUTUBE: @isfdyt14lincoln<\/strong><\/li>\n<\/ul>\n<p><strong>\u00a0<\/strong><strong>Tel\u00e9fonos: <\/strong><\/p>\n<ul>\n<li><strong>Sede Avellaneda 267: 02355-422451<\/strong><\/li>\n<li><strong>Sede Caseros 550: 02355-422739 \/ 2355 488537<\/strong><\/li>\n<\/ul>\n<h1 style=\"text-align: center;\">\u00a0<\/h1>\n\n\n<p><\/p>\n","protected":false},"excerpt":{"rendered":"<p>CORREOS: Correo Institucional:\u00a0\u00a0 \u00a0isfdyt14lincoln@abc.gob.ar Carreras Profesorado en Educaci\u00f3n Especial:\u00a0isfd14especial@gmail.com Profesorado en Educaci\u00f3n Inicial:\u00a0isfd14inicial@gmail.com Profesorado en Educaci\u00f3n Primaria: isfd14primaria@gmail.com Tecnicatura Superior en Psicopedagog\u00eda: isfd14psicopedagogia@gmail.com Tecnicatura Superior en Trabajo Social: isfd14trabajosocial@gmail.com Tecnicatura Superior en Bibliotecolog\u00eda: isfd14bibliotecologia@gmail.com Tecnicatura Superior en Comunicaci\u00f3n Multimedial: isfdyt14comunicacion@gmail.com Tecnicatura Superior en Administraci\u00f3n de Pymes: Isfdyt14pymes@gmail.com Tecnicatura Superior en Turismo: Isfdyt14turismo@gmail.com Tecnicatura Superior en &#8230; <a title=\"Contactos\" class=\"read-more\" href=\"https:\/\/isfd14-bue.infd.edu.ar\/sitio\/contacto\/\" aria-label=\"More on Contactos\">[+]<\/a><\/p>\n","protected":false},"author":1,"featured_media":0,"parent":0,"menu_order":0,"comment_status":"closed","ping_status":"closed","template":"","meta":[],"acf":[],"_links":{"self":[{"href":"https:\/\/isfd14-bue.infd.edu.ar\/sitio\/wp-json\/wp\/v2\/pages\/318"}],"collection":[{"href":"https:\/\/isfd14-bue.infd.edu.ar\/sitio\/wp-json\/wp\/v2\/pages"}],"about":[{"href":"https:\/\/isfd14-bue.infd.edu.ar\/sitio\/wp-json\/wp\/v2\/types\/page"}],"author":[{"embeddable":true,"href":"https:\/\/isfd14-bue.infd.edu.ar\/sitio\/wp-json\/wp\/v2\/users\/1"}],"replies":[{"embeddable":true,"href":"https:\/\/isfd14-bue.infd.edu.ar\/sitio\/wp-json\/wp\/v2\/comments?post=318"}],"version-history":[{"count":30,"href":"https:\/\/isfd14-bue.infd.edu.ar\/sitio\/wp-json\/wp\/v2\/pages\/318\/revisions"}],"predecessor-version":[{"id":5121,"href":"https:\/\/isfd14-bue.infd.edu.ar\/sitio\/wp-json\/wp\/v2\/pages\/318\/revisions\/5121"}],"wp:attachment":[{"href":"https:\/\/isfd14-bue.infd.edu.ar\/sitio\/wp-json\/wp\/v2\/media?parent=318"}],"curies":[{"name":"wp","href":"https:\/\/api.w.org\/{rel}","templated":true}]}}